747?
True
Does 4998 divide 54909732?
False
Is 20254969 a multiple of 142?
False
Is 363026313 a multiple of 351?
True
Is 56 a factor of 35870608?
False
Does 43 divide 64940740?
False
Is 76 a factor of 546467284?
True
Is 1687056335 a multiple of 15?
False
Does 30 divide 8436385?
False
Is 14448405 a multiple of 15?
True
Does 46 divide 73945276?
True
Does 9 divide 1002553398?
True
Does 56 divide 309496163?
False
Is 872692146 a multiple of 3671?
True
Does 181 divide 357587039?
True
Is 218289393 a multiple of 3?
True
Is 358513536 a multiple of 16?
True
Does 66 divide 33637402?
False
Is 63 a factor of 103618116?
True
Does 1468 divide 131793342?
False
Is 200 a factor of 68843400?
True
Does 98 divide 1068000668?
True
Is 1700997325 a multiple of 15?
False
Is 62664292 a multiple of 98?
False
Is 90269230 a multiple of 19?
False
Is 554521286 a multiple of 73?
True
Does 86 divide 23240296?
True
Is 19957560 a multiple of 7?
True
Does 1691 divide 26729394?
False
Does 13 divide 7107786?
False
Is 731 a factor of 588641219?
False
Is 28 a factor of 565762484?
True
Does 135 divide 14074155?
True
Is 6654278 a multiple of 121?
False
Is 209 a factor of 145902676?
False
Is 46 a factor of 23218822?
True
Is 45 a factor of 33921180?
True
Is 2224595040 a multiple of 411?
True
Is 505 a factor of 1337553100?
True
Does 233 divide 940228933?
False
Is 2388673129 a multiple of 179?
False
Does 2025 divide 4057124912?
False
Does 58 divide 30840340?
True
Does 472 divide 995193490?
False
Does 75 divide 114388074?
False
Is 35246297 a multiple of 13?
False
Is 113 a factor of 49885094?
False
Does 1016 divide 86246208?
True
Is 30 a factor of 921313259?
False
Does 451 divide 25384535?
True
Does 3 divide 634026?
True
Is 51865015 a multiple of 155?
True
Does 27 divide 2060704422?
True
Is 9314784 a multiple of 108?
True
Is 14 a factor of 20776252?
True
Does 7 divide 76717865?
True
Is 13725328 a multiple of 454?
True
Is 187 a factor of 510160328?
False
Is 16 a factor of 1532252538?
False
Does 1974 divide 52547880?
True
Does 15 divide 5089740?
True
Is 22 a factor of 2375572626?
False
Does 3 divide 3791373?
True
Does 373 divide 224202094?
True
Does 84 divide 2241510849?
False
Is 17207190 a multiple of 1365?
True
Does 556 divide 11429692?
True
Is 2106504180 a multiple of 44?
True
Does 5 divide 18951978?
False
Is 142 a factor of 296633245?
False
Is 8442386888 a multiple of 26?
True
Is 149201886 a multiple of 3212?
False
Is 73 a factor of 2598640?
False
Does 446 divide 15119400?
True
Is 46 a factor of 362039090?
True
Is 148109904 a multiple of 12?
True
Does 478 divide 96199024?
False
Is 277 a factor of 17047743?
False
Is 14 a factor of 344127756?
True
Is 147 a factor of 6562850?
False
Is 15717132 a multiple of 9?
True
Does 14 divide 486046792?
True
Does 59 divide 9514189?
False
Does 19 divide 21881163?
False
Is 974 a factor of 49872425?
False
Is 43493340 a multiple of 47?
False
Is 2 a factor of 476377013?
False
Is 83 a factor of 359218190?
True
Does 21 divide 3041800092?
False
Is 6 a factor of 131301563?
False
Is 290421152 a multiple of 711?
False
Is 985327770 a multiple of 10?
True
Is 2314 a factor of 69540328?
True
Does 971 divide 159946033?
True
Is 198346240 a multiple of 20?
True
Is 276 a factor of 46489826?
False
Is 700693290 a multiple of 1270?
True
Does 158 divide 1159035202?
False
Is 63 a factor of 82918962?
True
Is 31 a factor of 70836513?
False
Does 78 divide 71632278?
False
Is 4518213 a multiple of 7?
True
Is 6 a factor of 707250936?
True
Does 945 divide 18874783?
False
Does 393 divide 27582312?
True
Is 59 a factor of 3969561?
False
Is 37 a factor of 2214546570?
True
Is 355 a factor of 151494120?
True
Is 277650105 a multiple of 158?
False
Is 315214695 a multiple of 15?
True
Does 52 divide 182867516?
True
Does 873 divide 30038034?
False
Does 2 divide 44591551?
False
Does 69 divide 4032166141?
False
Is 3052 a factor of 73223584?
True
Does 10 divide 341202935?
False
Does 16 divide 257509155?
False
Is 505583907 a multiple of 23?
True
Does 1224 divide 402752684?
False
Is 194 a factor of 97115818?
True
Does 2118 divide 55046166?
False
Is 31366654 a multiple of 40?
False
Does 1473 divide 101826298?
False
Does 12 divide 75870576?
True
Does 10 divide 28451305?
False
Is 163551729 a multiple of 7?
False
Is 1139641836 a multiple of 146?
True
Does 349 divide 34307503?
False
Does 13 divide 148958394?
True
Is 1275 a factor of 6297225?
True
Does 80 divide 126868344?
False
Is 25 a factor of 1100563127?
False
Is 3 a factor of 113977674?
True
Is 3880 a factor of 167789329?
False
Is 1663 a factor of 79142746?
False
Is 141 a factor of 251159165?
False
Is 2361931 a multiple of 155?
False
Is 14423192 a multiple of 259?
True
Is 51934267 a multiple of 77?
True
Is 222631833 a multiple of 4?
False
Is 27491628 a multiple of 4?
True
Does 9 divide 205688081?
False
Is 592975488 a multiple of 118?
True
Is 628 a factor of 23414066?
False
Is 9720685 a multiple of 2?
False
Does 70 divide 2316715450?
True
Is 4198 a factor of 248488016?
True
Is 4317046377 a multiple of 139?
False
Does 4745 divide 720177120?
True
Is 18707040 a multiple of 8?
True
Is 705 a factor of 16483157?
False
Is 54743174 a multiple of 352?
False
Is 289 a factor of 2902578297?
False
Does 9 divide 279904500?
True
Is 663 a factor of 3539904?
False
Is 18 a factor of 819585378?
True
Does 662 divide 408569850?
True
Is 34055378 a multiple of 361?
False
Is 3 a factor of 255546624?
True
Is 42886012 a multiple of 1508?
True
Is 7244919 a multiple of 9?
True
Is 8252628 a multiple of 9?
False
Is 12 a factor of 209858448?
True
Does 24 divide 565439406?
False
Is 13 a factor of 414135644?
True
Is 111632794 a multiple of 120?
False
Is 50631459 a multiple of 14?
False
Is 28132754 a multiple of 11?
False
Is 168215718 a multiple of 33?
True
Is 7 a factor of 69152335?
True
Does 289 divide 120397420?
False
Is 52 a factor of 42228004?
True
Does 121 divide 33282049?
False
Is 283562481 a multiple of 30?
False
Is 528560398 a multiple of 137?
False
Is 1778594 a multiple of 62?
True
Does 2321 divide 3945259751?
False
Is 5 a factor of 2324049656?
False
Does 116 divide 25460422?
False
Is 2675 a factor of 393412250?
True
Is 4462 a factor of 159506239?
False
Is 134415131 a multiple of 66?
False
Does 6555 divide 2592164364?
False
Is 1814734302 a multiple of 73?
True
Does 188 divide 2994950732?
True
Is 163592567 a multiple of 1070?
False
Is 22396020 a multiple of 31?
False
Is 35 a factor of 12701832?
False
Is 214200164 a multiple of 43?
False
Does 3 divide 184571686?
False
Is 404868940 a multiple of 20?
True
Is 45157999 a multiple of 331?
True
Does 142 divide 30020220?
True
Is 524 a factor of 1035117460?
True
Is 68958489 a multiple of 263?
False
Is 460 a factor of 158052705?
False
Is 15210127 a multiple of 964?
False
Does 96 divide 600882530?
False
Is 7313841 a multiple of 269?
True
Is 3110 a factor of 77513640?
True
Is 11 a factor of 393817666?
True
Is 35245846 a multiple of 8?
False
Does 2053 divide 141619342?
False
Is 14599268 a multiple of 576?
False
Is 472652761 a multiple of 14?
False
Is 217099800 a multiple of 30?
True
Is 111523660 a multiple of 530?
True
Is 679396491 a multiple of 9?
True
Does 83 divide 661309022?
False
Is 107 a factor of 2119885076?
False
Is 297 a factor of 246308931?
True
Is 13467646 a multiple of 34?
False
Does 19 divide 40545468?
True
Does 128 divide 17171608?
False
Does 91 divide 178946744?
False
Does 162 divide 350391369?
False
Does 431 divide 5107781?
True
Is 4688802 a multiple of 3?
True
Is 52660651 a multiple of 332?
False
Is 68 a factor of 142964560?
True
Does 41 divide 1163468480?
True
Does 24 divide 19943797?
False
Does 204 divide 113955828?
True
Does 2374 divide 214957579?
False
Is 2500688268 a multiple of 684?
True
Is 3275 a factor of 629507394?
False
Does 57 divide 117732018?
True
Is 31 a factor of 172240464?
True
Does 59 divide 375013971?
True
Is 48164442 a multiple of 10?
False
Does 5000 divide 651275000?
True
Is 44871047 a multiple of 48?
False
Does 14 divide 15974796?
False
Is 84920510 a multiple of 955?
True
Does 33 divide 100102332?
True
Does 9 divide 761122911?
False
Is 807359662 a multiple of 2431?
False
Does 33 divide 1079767649?
False
Does 2075 divide 1748583825?
True
Is 1080 a factor of 187380151?
False
Is 1586 a factor of 19726